{"id":150,"date":"2025-07-28T18:19:56","date_gmt":"2025-07-28T21:19:56","guid":{"rendered":"https:\/\/leea.uenf.br\/?page_id=150"},"modified":"2025-07-28T21:29:10","modified_gmt":"2025-07-29T00:29:10","slug":"apresentacao","status":"publish","type":"page","link":"https:\/\/leea.uenf.br\/?page_id=150","title":{"rendered":"Apresenta\u00e7\u00e3o"},"content":{"rendered":"\n\n\n<p><strong>O<\/strong> <strong>LEEA<\/strong> tem como eixo principal o estudo das rela\u00e7\u00f5es estabelecidas entre a sociedade humana e suas condi\u00e7\u00f5es materiais de exist\u00eancia. Deste modo, idealmente o LEEA ocupa-se do exame da paisagem e do meio ambiente afetados pela interven\u00e7\u00e3o, buscando intervir as condi\u00e7\u00f5es do espa\u00e7o ocupado por popula\u00e7\u00f5es humanas em diversos momentos da hist\u00f3ria, enfatizando o passado e o presente, com distintas media\u00e7\u00f5es tecnol\u00f3gicas e h\u00e1bitos de consumo e seus efeitos no meio ambiente.<\/p>\n\n\n\n<p>Para melhor funcionar, o LEEA foi estruturado em tr\u00eas setores independentes, mas interligados, que desenvolvem a\u00e7\u00f5es de pesquisa e extens\u00e3o centradas nas op\u00e7\u00f5es dos pesquisadores que os comp\u00f5em. Em linhas gerais pode-se afirmar que estes setores desenvolvem estudos interdisciplinares com \u00eanfase nos estudos urbanos e rurais e na conex\u00e3o que estes apresentam ao n\u00edvel da regi\u00e3o. O LEEA possui tamb\u00e9m uma linha espec\u00edfica na \u00e1rea de recupera\u00e7\u00e3o de documentos hist\u00f3ricos. Al\u00e9m disso, o estudo do papel das organiza\u00e7\u00f5es do Estado e da sociedade civil no processo de desenvolvimento econ\u00f4mico \u00e9 tamb\u00e9m objeto de interesse por parte dos pesquisadores do LEEA.<\/p>\n\n\n\n<p><\/p>\n","protected":false},"excerpt":{"rendered":"<p>O LEEA tem como eixo principal o estudo das rela\u00e7\u00f5es estabelecidas entre a sociedade humana e suas condi\u00e7\u00f5es materiais de exist\u00eancia. Deste modo, idealmente o LEEA ocupa-se do exame da paisagem e do meio ambiente afetados pela interven\u00e7\u00e3o, buscando intervir as condi\u00e7\u00f5es do espa\u00e7o ocupado por popula\u00e7\u00f5es humanas em diversos momentos da hist\u00f3ria, enfatizando o [&hellip;]<\/p>\n","protected":false},"author":1,"featured_media":0,"parent":0,"menu_order":0,"comment_status":"closed","ping_status":"closed","template":"page-apresentacao","meta":{"saved_in_kubio":true,"footnotes":""},"class_list":["post-150","page","type-page","status-publish","hentry"],"kubio_ai_page_context":{"short_desc":"","purpose":"general"},"_links":{"self":[{"href":"https:\/\/leea.uenf.br\/index.php?rest_route=\/wp\/v2\/pages\/150","targetHints":{"allow":["GET"]}}],"collection":[{"href":"https:\/\/leea.uenf.br\/index.php?rest_route=\/wp\/v2\/pages"}],"about":[{"href":"https:\/\/leea.uenf.br\/index.php?rest_route=\/wp\/v2\/types\/page"}],"author":[{"embeddable":true,"href":"https:\/\/leea.uenf.br\/index.php?rest_route=\/wp\/v2\/users\/1"}],"replies":[{"embeddable":true,"href":"https:\/\/leea.uenf.br\/index.php?rest_route=%2Fwp%2Fv2%2Fcomments&post=150"}],"version-history":[{"count":5,"href":"https:\/\/leea.uenf.br\/index.php?rest_route=\/wp\/v2\/pages\/150\/revisions"}],"predecessor-version":[{"id":248,"href":"https:\/\/leea.uenf.br\/index.php?rest_route=\/wp\/v2\/pages\/150\/revisions\/248"}],"wp:attachment":[{"href":"https:\/\/leea.uenf.br\/index.php?rest_route=%2Fwp%2Fv2%2Fmedia&parent=150"}],"curies":[{"name":"wp","href":"https:\/\/api.w.org\/{rel}","templated":true}]}}